[INFO] cloning repository https://github.com/CunningBard/Pierce
[INFO] running `Command { std: "git" "-c" "credential.helper=" "-c" "credential.helper=/workspace/cargo-home/bin/git-credential-null" "clone" "--bare" "https://github.com/CunningBard/Pierce" "/workspace/cache/git-repos/https%3A%2F%2Fgithub.com%2FCunningBard%2FPierce", kill_on_drop: false }`
[INFO] [stderr] Cloning into bare repository '/workspace/cache/git-repos/https%3A%2F%2Fgithub.com%2FCunningBard%2FPierce'...
[INFO] running `Command { std: "git" "rev-parse" "HEAD", kill_on_drop: false }`
[INFO] [stdout] c749eb241cdedcdc9907d8573b41d234beae85f9
[INFO] checking CunningBard/Pierce against master#e6e4f7ed1589e03bc2f6c5931c1a72e7947e8682 for beta-170-4
[INFO] running `Command { std: "git" "clone" "/workspace/cache/git-repos/https%3A%2F%2Fgithub.com%2FCunningBard%2FPierce" "/workspace/builds/worker-0-tc2/source", kill_on_drop: false }`
[INFO] [stderr] Cloning into '/workspace/builds/worker-0-tc2/source'...
[INFO] [stderr] done.
[INFO] validating manifest of git repo https://github.com/CunningBard/Pierce on toolchain e6e4f7ed1589e03bc2f6c5931c1a72e7947e8682
[INFO] running `Command { std: CARGO_HOME="/workspace/cargo-home" RUSTUP_HOME="/workspace/rustup-home" "/workspace/cargo-home/bin/cargo" "+e6e4f7ed1589e03bc2f6c5931c1a72e7947e8682" "metadata" "--manifest-path" "Cargo.toml" "--no-deps", kill_on_drop: false }`
[INFO] started tweaking git repo https://github.com/CunningBard/Pierce
[INFO] finished tweaking git repo https://github.com/CunningBard/Pierce
[INFO] tweaked toml for git repo https://github.com/CunningBard/Pierce written to /workspace/builds/worker-0-tc2/source/Cargo.toml
[INFO] crate git repo https://github.com/CunningBard/Pierce already has a lockfile, it will not be regenerated
[INFO] running `Command { std: CARGO_HOME="/workspace/cargo-home" RUSTUP_HOME="/workspace/rustup-home" "/workspace/cargo-home/bin/cargo" "+e6e4f7ed1589e03bc2f6c5931c1a72e7947e8682" "fetch" "--manifest-path" "Cargo.toml", kill_on_drop: false }`
[INFO] running `Command { std: "docker" "create" "-v" "/var/lib/crater-agent-workspace/builds/worker-0-tc2/target:/opt/rustwide/target:rw,Z" "-v" "/var/lib/crater-agent-workspace/builds/worker-0-tc2/source:/opt/rustwide/workdir:ro,Z" "-v" "/var/lib/crater-agent-workspace/cargo-home:/opt/rustwide/cargo-home:ro,Z" "-v" "/var/lib/crater-agent-workspace/rustup-home:/opt/rustwide/rustup-home:ro,Z" "-e" "SOURCE_DIR=/opt/rustwide/workdir" "-e" "CARGO_TARGET_DIR=/opt/rustwide/target" "-e" "CARGO_HOME=/opt/rustwide/cargo-home" "-e" "RUSTUP_HOME=/opt/rustwide/rustup-home" "-w" "/opt/rustwide/workdir" "-m" "1610612736" "--user" "0:0" "--network" "none" "ghcr.io/rust-lang/crates-build-env/linux@sha256:19e73879b68f455e41552ea35293514db52ea292d993f571636dbffedb77a1ee" "/opt/rustwide/cargo-home/bin/cargo" "+e6e4f7ed1589e03bc2f6c5931c1a72e7947e8682" "metadata" "--no-deps" "--format-version=1", kill_on_drop: false }`
[INFO] [stdout] 87121d021527ed7e9a5142027057efc3f21e77e3af4096eb4c7026455ae2f9ec
[INFO] running `Command { std: "docker" "start" "-a" "87121d021527ed7e9a5142027057efc3f21e77e3af4096eb4c7026455ae2f9ec", kill_on_drop: false }`
[INFO] running `Command { std: "docker" "inspect" "87121d021527ed7e9a5142027057efc3f21e77e3af4096eb4c7026455ae2f9ec", kill_on_drop: false }`
[INFO] running `Command { std: "docker" "rm" "-f" "87121d021527ed7e9a5142027057efc3f21e77e3af4096eb4c7026455ae2f9ec", kill_on_drop: false }`
[INFO] [stdout] 87121d021527ed7e9a5142027057efc3f21e77e3af4096eb4c7026455ae2f9ec
[INFO] running `Command { std: "docker" "create" "-v" "/var/lib/crater-agent-workspace/builds/worker-0-tc2/target:/opt/rustwide/target:rw,Z" "-v" "/var/lib/crater-agent-workspace/builds/worker-0-tc2/source:/opt/rustwide/workdir:ro,Z" "-v" "/var/lib/crater-agent-workspace/cargo-home:/opt/rustwide/cargo-home:ro,Z" "-v" "/var/lib/crater-agent-workspace/rustup-home:/opt/rustwide/rustup-home:ro,Z" "-e" "SOURCE_DIR=/opt/rustwide/workdir" "-e" "CARGO_TARGET_DIR=/opt/rustwide/target" "-e" "CARGO_INCREMENTAL=0" "-e" "RUST_BACKTRACE=full" "-e" "RUSTFLAGS=--cap-lints=forbid" "-e" "RUSTDOCFLAGS=--cap-lints=forbid" "-e" "CARGO_HOME=/opt/rustwide/cargo-home" "-e" "RUSTUP_HOME=/opt/rustwide/rustup-home" "-w" "/opt/rustwide/workdir" "-m" "1610612736" "--user" "0:0" "--network" "none" "ghcr.io/rust-lang/crates-build-env/linux@sha256:19e73879b68f455e41552ea35293514db52ea292d993f571636dbffedb77a1ee" "/opt/rustwide/cargo-home/bin/cargo" "+e6e4f7ed1589e03bc2f6c5931c1a72e7947e8682" "check" "--frozen" "--all" "--all-targets" "--message-format=json", kill_on_drop: false }`
[INFO] [stdout] 64fc443e6728c9dc78072f4b15ec59d6ee38a64f2dbe5e50326b8d6fa8cdffe5
[INFO] running `Command { std: "docker" "start" "-a" "64fc443e6728c9dc78072f4b15ec59d6ee38a64f2dbe5e50326b8d6fa8cdffe5", kill_on_drop: false }`
[INFO] [stderr]     Checking pierce v0.1.0 (/opt/rustwide/workdir)
[INFO] [stdout] error[E0432]: unresolved import `crate::ast_base::YAPL`
[INFO] [stdout]  --> src/parser.rs:2:5
[INFO] [stdout]   |
[INFO] [stdout] 2 | use crate::ast_base::YAPL;
[INFO] [stdout]   |     ^^^^^^^^^^^^^^^^^^^^^ no `YAPL` in `ast_base`
[INFO] [stdout] 
[INFO] [stdout] 
[INFO] [stdout] warning: unused import: `std::collections::HashMap`
[INFO] [stdout]  --> src/lexer.rs:1:5
[INFO] [stdout]   |
[INFO] [stdout] 1 | use std::collections::HashMap;
[INFO] [stdout]   |     ^^^^^^^^^^^^^^^^^^^^^^^^^
[INFO] [stdout]   |
[INFO] [stdout]   = note: `#[warn(unused_imports)]` on by default
[INFO] [stdout] 
[INFO] [stdout] 
[INFO] [stdout] warning: unused import: `std::ops::Deref`
[INFO] [stdout]  --> src/lexer.rs:2:5
[INFO] [stdout]   |
[INFO] [stdout] 2 | use std::ops::Deref;
[INFO] [stdout]   |     ^^^^^^^^^^^^^^^
[INFO] [stdout] 
[INFO] [stdout] 
[INFO] [stdout] error[E0432]: unresolved import `crate::ast_base::YAPL`
[INFO] [stdout]  --> src/parser.rs:2:5
[INFO] [stdout]   |
[INFO] [stdout] 2 | use crate::ast_base::YAPL;
[INFO] [stdout]   |     ^^^^^^^^^^^^^^^^^^^^^ no `YAPL` in `ast_base`
[INFO] [stdout] 
[INFO] [stdout] 
[INFO] [stdout] warning: unused import: `std::collections::HashMap`
[INFO] [stdout]  --> src/lexer.rs:1:5
[INFO] [stdout]   |
[INFO] [stdout] 1 | use std::collections::HashMap;
[INFO] [stdout]   |     ^^^^^^^^^^^^^^^^^^^^^^^^^
[INFO] [stdout]   |
[INFO] [stdout]   = note: `#[warn(unused_imports)]` on by default
[INFO] [stdout] 
[INFO] [stdout] 
[INFO] [stdout] warning: unused import: `std::ops::Deref`
[INFO] [stdout]  --> src/lexer.rs:2:5
[INFO] [stdout]   |
[INFO] [stdout] 2 | use std::ops::Deref;
[INFO] [stdout]   |     ^^^^^^^^^^^^^^^
[INFO] [stdout] 
[INFO] [stdout] 
[INFO] [stdout] error[E0277]: the size for values of type `str` cannot be known at compilation time
[INFO] [stdout]   --> src/ast_base.rs:36:12
[INFO] [stdout]    |
[INFO] [stdout] 36 |     value: Vec<str>,
[INFO] [stdout]    |            ^^^^^^^^ doesn't have a size known at compile-time
[INFO] [stdout]    |
[INFO] [stdout]    = help: the trait `Sized` is not implemented for `str`
[INFO] [stdout] note: required by a bound in `Vec`
[INFO] [stdout]   --> /rustc/e6e4f7ed1589e03bc2f6c5931c1a72e7947e8682/library/alloc/src/vec/mod.rs:396:1
[INFO] [stdout] 
[INFO] [stdout] 
[INFO] [stdout] error[E0277]: the size for values of type `str` cannot be known at compilation time
[INFO] [stdout]   --> src/ast_base.rs:36:12
[INFO] [stdout]    |
[INFO] [stdout] 36 |     value: Vec<str>,
[INFO] [stdout]    |            ^^^^^^^^ doesn't have a size known at compile-time
[INFO] [stdout]    |
[INFO] [stdout]    = help: the trait `Sized` is not implemented for `str`
[INFO] [stdout] note: required by a bound in `Vec`
[INFO] [stdout]   --> /rustc/e6e4f7ed1589e03bc2f6c5931c1a72e7947e8682/library/alloc/src/vec/mod.rs:396:1
[INFO] [stdout] 
[INFO] [stdout] 
[INFO] [stdout] error: aborting due to 2 previous errors; 2 warnings emitted
[INFO] [stdout] 
[INFO] [stdout] 
[INFO] [stdout] Some errors have detailed explanations: E0277, E0432.
[INFO] [stdout] 
[INFO] [stdout] For more information about an error, try `rustc --explain E0277`.
[INFO] [stdout] 
[INFO] [stdout] error: aborting due to 2 previous errors; 2 warnings emitted
[INFO] [stdout] 
[INFO] [stdout] 
[INFO] [stdout] Some errors have detailed explanations: E0277, E0432.
[INFO] [stdout] 
[INFO] [stdout] For more information about an error, try `rustc --explain E0277`.
[INFO] [stdout] 
[INFO] [stderr] error: could not compile `pierce` (bin "pierce") due to 3 previous errors; 2 warnings emitted
[INFO] [stderr] warning: build failed, waiting for other jobs to finish...
[INFO] [stderr] error: could not compile `pierce` (bin "pierce" test) due to 3 previous errors; 2 warnings emitted
[INFO] running `Command { std: "docker" "inspect" "64fc443e6728c9dc78072f4b15ec59d6ee38a64f2dbe5e50326b8d6fa8cdffe5", kill_on_drop: false }`
[INFO] running `Command { std: "docker" "rm" "-f" "64fc443e6728c9dc78072f4b15ec59d6ee38a64f2dbe5e50326b8d6fa8cdffe5", kill_on_drop: false }`
[INFO] [stdout] 64fc443e6728c9dc78072f4b15ec59d6ee38a64f2dbe5e50326b8d6fa8cdffe5
